8?
92
What is the greatest common factor of 2486412 and 1098?
18
Calculate the highest common factor of 6868919 and 26401.
1553
What is the highest common divisor of 2119 and 372697?
13
What is the greatest common factor of 19265301 and 165?
33
What is the greatest common divisor of 987935 and 1105?
65
Calculate the highest common factor of 9292 and 10966538.
46
Calculate the greatest common divisor of 203344 and 10520496.
1136
What is the highest common factor of 147 and 6295506?
21
What is the greatest common factor of 3573 and 359460474?
1191
Calculate the greatest common divisor of 51345 and 882.
63
Calculate the highest common divisor of 25767 and 64029.
21
Calculate the greatest common factor of 8554671 and 9.
9
Calculate the highest common divisor of 466018275 and 225.
75
What is the highest common divisor of 5826 and 3722?
2
What is the greatest common factor of 180365256 and 12?
12
Calculate the greatest common divisor of 294654 and 9.
3
Calculate the greatest common divisor of 258926160 and 4665.
4665
What is the highest common factor of 957489 and 92937?
39
Calculate the highest common divisor of 98549880 and 7800.
1560
Calculate the greatest common divisor of 374792 and 19592.
8
What is the greatest common divisor of 227229 and 12?
3
Calculate the highest common factor of 121 and 55361339.
11
What is the greatest common divisor of 389336774 and 290?
58
Calculate the highest common factor of 22764676 and 132.
44
Calculate the highest common factor of 768 and 235146.
6
Calculate the highest common factor of 7 and 814422.
7
Calculate the highest common divisor of 248 and 149755048.
248
Calculate the highest common divisor of 16541616 and 14.
14
Calculate the highest common factor of 106 and 20683939.
53
What is the highest common divisor of 475 and 872385950?
475
Calculate the highest common factor of 179828 and 215204.
2948
What is the highest common factor of 119 and 457855135?
17
Calculate the highest common factor of 350024 and 1728.
8
What is the highest common divisor of 1646610 and 15750?
210
Calculate the highest common factor of 1753730 and 9630.
1070
What is the greatest common divisor of 2030 and 5668978?
406
What is the greatest common divisor of 138447273 and 359?
359
What is the highest common divisor of 20741 and 56651?
7
Calculate the highest common factor of 470 and 4689378.
94
Calculate the greatest common factor of 4797 and 4506884.
41
What is the highest common factor of 143 and 5641273?
11
Calculate the highest common factor of 3349009 and 7787.
599
Calculate the greatest common divisor of 96 and 33918.
6
Calculate the greatest common divisor of 1148785 and 209.
11
What is the greatest common factor of 2934 and 6747222?
978
What is the highest common divisor of 217917 and 8043?
21
What is the highest common divisor of 311762 and 3108?
74
Calculate the greatest common factor of 27 and 6336600.
3
What is the greatest common divisor of 1946758 and 52928?
1654
What is the highest common divisor of 85495682 and 6?
2
Calculate the greatest common divisor of 30253728 and 288.
96
What is the greatest common divisor of 136863 and 4390605?
999
What is the greatest common factor of 145215 and 261?
9
What is the highest common divisor of 12336 and 1080276?
12
Calculate the greatest common divisor of 112 and 4496114.
14
Calculate the highest common factor of 1442744 and 13432.
184
What is the greatest common factor of 990184 and 65?
13
What is the highest common factor of 1448 and 237222582?
362
Calculate the greatest common factor of 977652162 and 36.
18
Calculate the highest common divisor of 15477923 and 1743.
83
What is the greatest common divisor of 38 and 52300350?
38
What is the highest common divisor of 2345555 and 126415?
655
What is the highest common divisor of 9968439 and 78?
39
What is the greatest common factor of 2646 and 632296?
98
What is the highest common divisor of 6648064 and 9984?
256
What is the highest common factor of 8893 and 16?
1
What is the greatest common divisor of 136281 and 113?
1
What is the highest common factor of 4861450 and 275?
275
What is the greatest common divisor of 8185212 and 199297?
2807
What is the highest common divisor of 43 and 88804?
1
Calculate the highest common factor of 148222 and 3071.
37
Calculate the highest common factor of 73095 and 132401625.
6645
What is the greatest common divisor of 20330191 and 427?
7
What is the highest common factor of 1420 and 11117180?
1420
What is the greatest common factor of 608290 and 11210?
590
What is the highest common divisor of 5795 and 3326995?
95
What is the highest common factor of 952 and 3575432?
56
Calculate the greatest common factor of 2432292 and 918.
102
Calculate the highest common factor of 1365386 and 6094.
22
Calculate the highest common divisor of 9594025 and 7.
7
What is the highest common divisor of 136 and 359441710?
34
Calculate the greatest common factor of 10075 and 19400225.
325
Calculate the greatest common factor of 11018949 and 177.
3
What is the greatest common divisor of 80 and 5989870?
10
What is the greatest common factor of 983851 and 25431?
173
What is the highest common divisor of 28 and 327322058?
14
What is the greatest common divisor of 284505 and 29055?
195
What is the greatest common factor of 482020 and 54208?
308
What is the greatest common divisor of 1287935 and 880?
55
Calculate the highest common divisor of 1580 and 1078961144.
316
Calculate the greatest common divisor of 357 and 1371482973.
357
Calculate the greatest common factor of 7445 and 1960.
5
What is the highest common divisor of 783560838 and 102?
102
What is the greatest common factor of 558545 and 826250?
3305
Calculate the highest common divisor of 582 and 3276951.
291
What is the highest common factor of 7 and 21809312?
7
Calculate the highest common factor of 35594294 and 32062.
782
Calculate the greatest common factor of 21600894 and 175.
7
What is the highest common divisor of 15710 and 21310?
10
Calculate the greatest common factor of 52 and 122976373.
13
Calculate the highest common factor of 188916365 and 1035.
115
Calculate the greatest common divisor of 2305260 and 68850.
810
Calculate the greatest common factor of 156114 and 52982.
118
What is the highest common divisor of 917422 and 272?
34
What is the highest common divisor of 65019768 and 902?
902
What is the highest common factor of 613196800 and 48?
16
What is the greatest common factor of 15500 and 72760875?
3875
What is the greatest common divisor of 2406860 and 1020?
340
What is the highest common factor of 39410 and 47390?
70
Calculate the greatest common divisor of 9177399 and 334917.
1683
What is the highest common factor of 1075640621 and 14146?
7073
What is the highest common factor of 13080 and 14314920?
120
Calculate the highest common divisor of 70640 and 528034.
1766
Calculate the highest common factor of 9077858 and 2242.
2242
What is the greatest common divisor of 3498 and 8781564?
66
Calculate the highest common divisor of 105343080 and 8700.
1740
What is the greatest common divisor of 182 and 108357886?
182
What is the highest common factor of 145771 and 41?
1
What is the greatest common divisor of 272896 and 93316?
164
What is the greatest common factor of 462 and 123400508?
154
Calculate the greatest common factor of 10070235 and 90.
45
What is the greatest common divisor of 1469171149 and 137?
137
Calculate the greatest common divisor of 42657909 and 107688.
13461
Calculate the highest common factor of 39 and 7458672.
39
Calculate the highest common divisor of 214196 and 9332.
4
Calculate the highest common factor of 119163419 and 3.
1
Calculate the greatest common factor of 4432399 and 46.
23
Calculate the greatest common factor of 162 and 681644844.
18
What is the highest common factor of 832 and 15290964?
52
What is the greatest common divisor of 64 and 178319072?
32
What is the highest common factor of 904 and 25215272?
904
Calculate the highest common factor of 59658 and 793158.
978
What is the greatest common factor of 2848 and 400416?
32
Calculate the highest common factor of 930516025 and 25.
25
Calculate the highest common divisor of 2316 and 30137529.
579
Calculate the greatest common factor of 468258532 and 37.
37
Calculate the hi